et p(s) = -20*s + 1241. Give p(53).
181
Let t(c) = -c**3 - 20*c**2 - 8*c - 122. Determine t(-20).
38
Let d(t) = -12*t**2 - 111*t - 236. Determine d(-6).
-2
Let i(a) = 5*a**2 - 70*a + 278. What is i(6)?
38
Let s(g) = g - 48. Calculate s(24).
-24
Let o(q) = 6*q**2 - 509*q + 2769. Calculate o(79).
4
Let f(c) = -548*c - 1592. What is f(-3)?
52
Let h(u) = -2*u - 49. What is h(-17)?
-15
Let w(g) = -2*g - 82. Determine w(-40).
-2
Let j(w) = 2*w**2 - 8*w - 147. What is j(13)?
87
Let h(t) = -t**3 + 118*t**2 + 752*t + 45. Calculate h(-6).
-3
Let v(w) = -w**2 + 5*w + 45. Determine v(-6).
-21
Let o(g) = -167*g + 12. What is o(2)?
-322
Let w(f) = -5*f**2 + 229*f + 1015. What is w(-4)?
19
Let w(n) = -103*n - 30. Calculate w(-1).
73
Let z(y) = 215*y - 27871. What is z(130)?
79
Let u(i) = -124*i + 5207. Give u(42).
-1
Let v(y) = -y**3 - 7*y**2 + 14*y - 41. Give v(-9).
-5
Let q(u) = -23*u**2 + 505*u + 26. What is q(22)?
4
Let q(a) = a**3 + 17*a**2 + 168*a + 2402. Give q(-16).
-30
Let q(n) = 160*n - 1121. What is q(11)?
639
Let w(k) = k**3 - 40*k**2 - 174*k - 169. What is w(-2)?
11
Let o(i) = -i**3 - 19*i**2 + 18*i - 22. What is o(-18)?
-670
Let b(y) = y**3 - 9*y**2 + 69*y - 491. Give b(9).
130
Let n(x) = -3*x**2 - 349*x - 764. Determine n(-114).
34
Let i(k) = -3*k**3 + 64*k**2 + 1293*k - 2. Give i(34).
32
Let p(b) = -b**3 - 344*b**2 + 91*b + 31317. What is p(-344)?
13
Let v(d) = -d**2 + 31*d - 67. Give v(14).
171
Let k(p) = -3*p**3 - 9*p**2 + 4*p. Calculate k(-5).
130
Let f(l) = -2*l - 81. What is f(-30)?
-21
Let a(j) = 391*j + 2706. Give a(-7).
-31
Let u(p) = -24*p**3 - 219*p**2 - 8*p + 164. What is u(-9)?
-7
Let n(x) = 2*x**3 + 3*x**2 + 9*x + 3. Calculate n(-3).
-51
Let w(a) = a**2 + 457*a - 5632. Give w(12).
-4
Let f(w) = -w**2 - 61*w + 473. What is f(7)?
-3
Let d(y) = 3*y**2 - 74*y + 58. Calculate d(24).
10
Let n(u) = 2*u**2 - 266*u + 72. Give n(0).
72
Let p(h) = -3*h**3 + h**2 + 6*h - 4. What is p(-3)?
68
Let c(i) = 11*i - 241. Determine c(0).
-241
Let o(d) = -d**2 + 79*d + 66. Determine o(80).
-14
Let i(v) = -94*v - 932. Calculate i(-7).
-274
Let y(z) = 2*z**3 + 122*z**2 + 197*z + 4625. Give y(-60).
5
Let s(a) = a**3 + 8*a - 40. Give s(3).
11
Let z(a) = a**3 + 9*a**2 + 121*a + 502. Calculate z(-5).
-3
Let y(p) = -132*p - 10231. Determine y(-77).
-67
Let q(t) = -5*t**2 + 34*t - 60. Calculate q(5).
-15
Let p(k) = 2*k**3 - 23*k**2 + 14*k - 194. What is p(12)?
118
Let z(b) = -20*b**2 - 10*b + 27. Calculate z(5).
-523
Let t(s) = -5*s**2 + 61*s - 153. What is t(5)?
27
Let b(t) = -t**3 + 24*t**2 + 26*t - 4. What is b(25)?
21
Let h(l) = 971*l - 11651. Calculate h(12).
1
Let u(s) = -3*s**2 - 4*s + 73. What is u(-6)?
-11
Let k(w) = -527*w - 7871. Determine k(-15).
34
Let f(q) = 5*q**3 + 7*q**2 - 29*q - 16. Give f(-5).
-321
Let d(y) = -y**3 + 31*y**2 + 23*y - 694. Determine d(31).
19
Let y(z) = 11*z**3 - 68*z**2 + 67. Calculate y(6).
-5
Let t(w) = 45*w**3 - 5309*w**2 - 117*w - 113. Determine t(118).
5
Let j(r) = 11*r**3 - 66*r**2 + 51*r + 14. Determine j(1).
10
Let f(z) = 7*z + 489. Calculate f(-67).
20
Let k(u) = -2*u**2 - 14*u + 1490. Give k(24).
2
Let a(c) = 13*c - 113. What is a(4)?
-61
Let y(h) = 701*h + 3578. Calculate y(-5).
73
Let g(y) = -77*y - 2701. Determine g(-35).
-6
Let v(n) = -165*n + 12529. What is v(76)?
-11
Let s(h) = -102*h - 1123. What is s(-11)?
-1
Let x(l) = 20*l**3 - 560*l**2 - l + 17. Give x(28).
-11
Let r(b) = 191*b - 28. Determine r(-1).
-219
Let x(i) = -i**2 - 19*i + 218. What is x(-28)?
-34
Let q(f) = 15*f - 192. Calculate q(18).
78
Let s(a) = -a**3 - 91*a**2 - 3*a - 3. Determine s(0).
-3
Let j(f) = 17*f**3 - 6*f**2 - 15*f - 21. Give j(-2).
-151
Let k(q) = -630*q + 4396. Give k(7).
-14
Let m(c) = -265*c - 4101. What is m(-15)?
-126
Let d(v) = 2*v**2 - 115*v - 227. Give d(-2).
11
Let d(t) = 115*t + 4830. What is d(-42)?
0
Let q(j) = j**3 + 30*j**2 + 4*j - 31. What is q(-30)?
-151
Let k(h) = 2*h**3 + 2*h**2 + 107*h - 334. Determine k(3).
59
Let a(s) = s**3 + 17*s**2 + 12*s + 194. Determine a(-17).
-10
Let r(n) = n**3 - 8*n**2 - 24*n + 84. Give r(10).
44
Let c(s) = 16*s**2 - 499*s + 85. What is c(30)?
-485
Let z(y) = 3*y - 72. What is z(4)?
-60
Let o(v) = 2*v - 64. Give o(7).
-50
Let k(q) = -2*q**3 - 7*q**2 + 2*q - 13. Determine k(-5).
52
Let u(v) = -13*v + 55. Give u(9).
-62
Let b(x) = 20*x - 195. What is b(12)?
45
Let x(b) = -1687*b + 11803. What is x(7)?
-6
Let a(b) = -b**2 - b + 25. Give a(-3).
19
Let b(h) = -140*h - 154. Calculate b(-1).
-14
Let k(o) = -902*o - 1892. Determine k(-2).
-88
Let a(f) = 81*f - 1046. Give a(13).
7
Let a(c) = -258*c + 119. Calculate a(-2).
635
Let f(c) = -395*c - 41848. Give f(-106).
22
Let c(s) = -142*s - 930. Calculate c(-6).
-78
Let t(y) = 10*y**2 + 99*y - 95. Calculate t(1).
14
Let p(v) = 22*v**2 + 352*v - 13. Determine p(-16).
-13
Let t(m) = 30*m**2 - 417*m - 417. What is t(-1)?
30
Let m(r) = -316*r - 23329. Calculate m(-74).
55
Let o(j) = j**3 + 17*j**2 + 11*j - 21. Calculate o(-16).
59
Let u(v) = v**2 + 1719*v + 2. Determine u(0).
2
Let l(y) = -42*y**2 - 20*y - 41. Calculate l(-2).
-169
Let s(y) = -y**3 - 59*y**2 - 675*y - 218. What is s(-15)?
7
Let g(z) = 2*z**3 + 3*z**2 - 10*z - 21. What is g(-3)?
-18
Let f(j) = -9*j + 82. Give f(9).
1
Let a(w) = -w**3 + 41*w**2 - 80*w - 11. Calculate a(39).
-89
Let n(p) = 65*p**2 - 5265*p - 17. Calculate n(81).
-17
Let x(t) = -6*t**2 - 80*t - 271. Determine x(-8).
-15
Let t(y) = 158*y + 1748. Give t(-12).
-148
Let n(p) = 15*p**2 - 168*p + 163. Calculate n(1).
10
Let r(v) = v**2 + 13*v - 6. Give r(-11).
-28
Let k(c) = 2*c**2 - 480*c + 3252. Calculate k(7).
-10
Let y(h) = -h**3 + 16*h**2 - 14*h + 34. Calculate y(16).
-190
Let l(m) = m**3 + 4*m**2 + 25*m + 12. Give l(-4).
-88
Let f(h) = 57*h + 144. What is f(-4)?
-84
Let y(l) = 13*l**2 - 45*l + 105. Determine y(3).
87
Let z(y) = -6*y**2 - 59*y - 30. Give z(0).
-30
Let p(f) = -f**3 + 21*f**2 + 33*f + 309. Calculate p(23).
10
Let v(q) = 2*q**2 - 46*q - 546. What is v(32)?
30
Let v(d) = -d**2 - 338*d - 1669. Determine v(-5).
-4
Let t(v) = 54*v + 27. Calculate t(1).
81
Let v(p) = -p**3 + 3*p**2 + 8*p + 3. Calculate v(-5).
163
Let g(f) = -93*f + 1486. Determine g(16).
-2
Let h(c) = -c**3 - 7*c**2 + 4*c + 16. Give h(-5).
-54
Let i(a) = 14*a + 247. Determine i(-21).
-47
Let a(n) = -25*n + 387. Determine a(16).
-13
Let f(l) = -l**3 - 31*l**2 - 78*l + 173. What is f(-28)?
5
Let f(b) = -3*b**3 - 10*b**2 + 46*b - 20. Give f(-6).
-8
Let h(z) = 4*z**2 + 999*z - 12568. Calculate h(12).
-4
Let l(j) = -9*j**3 - 2*j**2 - 204*j + 206. What is l(1)?
-9
Let g(f) = 35*f + 79. What is g(-3)?
-26
Let h(q) = 45*q + 3924. Determine h(-98).
-486
Let f(l) = -l**2 + 9*l + 58. What is f(12)?
22
Let q(x) = x**3 - 14*x**2 + 36*x + 27. What is q(10)?
-13
Let q(p) = -2*p**3 - 6*p**2 + 14*p + 31. What is q(-2)?
-5
Let l(g) = -13*g - 8. Give l(7).
-99
Let t(i) = -26*i + 142. Give t(-33).
1000
Let u(p) = p**3 - 65*p**2 - 670*p - 29. Give u(-9).
7
Let u(v) = -v**3 - 112*v**2 - 128*v - 1895. Calculate u(-111).
-8
Let g(r) = 172*r - 110. Calculate g(1).
62
Let a(n) = 58*n + 3061. Calculate a(-50).
161
Let u(h) = h**3 + 23*h**2 - 31*h + 43. Determine u(-25).
-432
Let b(y) = 30*y**3 - 1082*y**2 + 72*y + 7. What is b(36)?
7
Let j(p) = -2*p**3 + 5*p**2 - 5*p - 238. Give j(0).
-238
Let q(u) = -35*u**2 - 178*u + 468. Calculate q(-7).
-1
Let m(x) = 10*x - 924. Calculate m(91).
-14
Let p(h) = -2*h**3 - 46*h**2 - 82*h + 2. What is p(-21)?
-40
Let g(i) = -11*i**3 + 703*i**2 + 70*i - 396. Calculate g(64).
-12
Let c(d) = d**3 - 28*d**2 - 31*d + 61. Give c(29).
3
Let v(f) = 51*f**2 + 134*f - 16. Calculate v(-3).
41
Let a(b) = -9*b**2 - 70*b + 7. What is a(-11)?
-312
Let f(o) = -10*o**2 + 115*o + 2144. Determine f(-10).
-6
Let t(v) = -v**2 - 57*v - 350. Calculate t(-7).
0
Let z(r) = 41*r - 1361. Calculate z(33).
-8
Let m(i) = -31*i**2 + 29*i + 2. Give m(2).
-64
Let m(y) = 30*y - 36. What is m(-4)?
-156
Let z(v) = v**2 + 76*v + 274. Calculate z(-72).
-14
Let c(f) = 69*f**2 + 21458*f - 312. Give c(-311).
-1
Let g(x) = 3*x**3 - 25*x**2 - 88*x + 7. Calculate g(11).
7
Let i(a) = -a**2 + 23*a - 48. Calculate i(13).
82
Let v(s) = 110*s - 1770. Determine v(16).
-10
Let f(r) = -r**2 + 24*r + 39. Determine f(27).
-42
Let m(i) = -40605*i + 40604. Give m(1).
-1
Let l(g) = 10*g 